{"id":16,"date":"2017-10-27T14:17:15","date_gmt":"2017-10-27T12:17:15","guid":{"rendered":"https:\/\/kurteimers.senekha.fomalhaut.uberspace.de\/?page_id=16"},"modified":"2017-10-27T14:17:15","modified_gmt":"2017-10-27T12:17:15","slug":"agb","status":"publish","type":"page","link":"https:\/\/kurteimers.de\/?page_id=16","title":{"rendered":"AGB"},"content":{"rendered":"<h3>Kurt Eimers \u2013 Allgemeine Gesch\u00e4ftsbedingungen.<\/h3>\n<p><strong>1. Auftragsabwicklung, Honorarvereinbarung und F\u00e4lligkeit der Verg\u00fctung.<\/strong><br \/>\n1.1 Verg\u00fctungen sind, wenn nicht anders vereinbart, innerhalb von 10 Tagen nach Rechnungstellung f\u00e4llig und verstehen sich zuz\u00fcglich der zum F\u00e4lligkeitsdatum g\u00fcltigen gesetzlichen Mehrwertsteuer. Bei Zahlungsverzug von l\u00e4nger als vier Wochen kann Kurt Eimers Verzugszinsen in H\u00f6he von 4% \u00fcber dem jeweiligen Diskontsatz der Deutschen Bundesbank verlangen.<\/p>\n<p>1.2 Werden Werke im Sinne des Urheberrechts sp\u00e4ter oder in gr\u00f6\u00dferem Umfang als urspr\u00fcnglich vorgesehen genutzt, so ist Kurt Eimers berechtigt, die Verg\u00fctung f\u00fcr die Nutzungsrechte nachtr\u00e4glich in Rechnung zu stellen bzw. die Differenz zwischen der h\u00f6heren Verg\u00fctung f\u00fcr die Nutzung und der urspr\u00fcnglich gezahlten zu verlangen.<\/p>\n<p>1.3 Tritt der Auftraggeber aus Gr\u00fcnden, die Kurt Eimers nicht zu vertreten hat, vor Fertigstellung\/Lieferung der vertraglich vereinbarten Arbeiten von dem Auftrag zur\u00fcck, so ist ein Ausfallhonorar zu entrichten. Die H\u00f6he des Ausfallhonorars richtet sich dabei nach den zum Zeitpunkt der R\u00fccktrittsverk\u00fcndung bereits geleisteten Arbeiten. Diese werden in vollem Umfang dem Auftraggeber berechnet.<\/p>\n<p>1.5 Unabh\u00e4ngig von den Vereinbarungen in 1.3 sind bei Ausfall s\u00e4mtliche Fremdkosten, die Kurt Eimers durch einen Auftrag nachweislich entstanden sind, z.B. durch Beauftragung Dritter, vom Auftraggeber zu tragen.<\/p>\n<p>1.6 Kosten und Spesen f\u00fcr zus\u00e4tzliche Termine und damit verbundene Fahrten, die im Zusammenhang mit der Auftragsabwicklung anfallen (ausgenommen Vorbesprechung, Pr\u00e4sentationen), sind nach Absprache vom Auftraggeber zu erstatten.<\/p>\n<p><strong>2. Urheber- und Nutzungsrecht.<br \/>\n<\/strong><br \/>\n2.1 S\u00e4mtliche Kreativkonzepte und Texte unterliegen dem Urheberrechtsgesetz. Die Bestimmungen des Urheberrechtsgesetzes gelten auch dann, wenn die nach \u00a7 2 UrhG erforderliche Sch\u00f6pfungsh\u00f6he nicht erreicht ist.<\/p>\n<p>2.2 Die Kreativkonzepte und Texte d\u00fcrfen ohne die ausdr\u00fcckliche Einwilligung von Kurt Eimers nicht ver\u00e4ndert werden. Jede Nachahmung, auch von Teilen, ist unzul\u00e4ssig.<\/p>\n<p>2.3 Die Nutzungsrechte werden dem Auftraggeber f\u00fcr den jeweils schriftlich festzulegenden Zweck \u00fcbertragen. Soweit nicht anders vereinbart, wird jeweils nur das einfache Nutzungsrecht \u00fcbertragen. Die Weitergabe der Nutzungsrechte an Dritte bedarf der schriftlichen Vereinbarung.<\/p>\n<p>2.4 Die Nutzungsrechte gehen erst nach vollst\u00e4ndiger Bezahlung des Honorars an den Auftraggeber \u00fcber.<\/p>\n<p><strong>3. Haftung.<br \/>\n<\/strong><br \/>\n3.1 Kurt Eimers verpflichtet sich, alle Auftr\u00e4ge (Kreativkonzepte, Texte) mit gr\u00f6\u00dfter Sorgfalt auszuf\u00fchren. Sollten dennoch Fehler auftreten, so haftet Kurt Eimers f\u00fcr entstandene Sch\u00e4den nur bei grober Fahrl\u00e4ssigkeit oder nachweislichem Vorsatz. Ein \u00fcber den Materialwert hinausgehender Schadenersatz ist ausgeschlossen.<\/p>\n<p>3.2 Beanstandungen sind vom Auftraggeber innerhalb von 7 Tagen nach Entgegennahme der Arbeiten schriftlich geltend zu machen, danach gilt die Leistung als akzeptiert.<\/p>\n<p>3.3 Die Endfassungen von Kreativkonzepten und Texten werden vom Auftraggeber freigegeben. Mit der Genehmigung von Kreativkonzeptionen, Texten, Claims\/Slogans, Produktnamen etc. sowie der nach Durchsicht erfolgten Freigabe vorgenommener Korrekturen und Ver\u00e4nderungen \u00fcbernimmt der Auftraggeber die Verantwortung f\u00fcr die vollst\u00e4ndige Richtigkeit der Arbeiten.<\/p>\n<p>3.4 Kurt Eimers \u00fcbernimmt keinerlei Haftung f\u00fcr Form und Inhalt der betreuten oder selbst entwickelten Kreativkonzepte und Texte, Werbe- und Kommunikationsmittel etc. Kurt Eimers haftet auch nicht f\u00fcr die wettbewerbs- oder warenrechtliche Zul\u00e4ssigkeit und Eintragungsf\u00e4higkeit der Arbeiten.<\/p>\n<p><strong>4. Sonstiges.<br \/>\n<\/strong><br \/>\n4.1 S\u00e4mtliche Kundendaten unterliegen dem Datenschutz. Diese Daten sind gegen Einsichtnahme dritter Personen gesch\u00fctzt und werden weder offen gelegt, verkauft noch sonstwie gehandelt. Kurt Eimers haftet nicht f\u00fcr das Abhandenkommen o. \u00c4. von Daten des Auftraggebers, die sich Dritte durch widerrechtliche Handlungen angeeignet haben.<\/p>\n<p>4.2 Die Unwirksamkeit einer der vorstehenden Bedingungen ber\u00fchrt die Geltung der \u00fcbrigen Bestimmungen nicht.<\/p>\n<p>4.3 Erf\u00fcllungsort und Gerichtsstand ist D\u00fcsseldorf.<\/p>\n","protected":false},"excerpt":{"rendered":"Kurt Eimers \u2013 Allgemeine Gesch\u00e4ftsbedingungen. 1. Auftragsabwicklung, Honorarvereinbarung und F\u00e4lligkeit der Verg\u00fctung. 1.1 Verg\u00fctungen sind, wenn nicht anders vereinbart, innerhalb von 10 Tagen nach Rechnungstellung f\u00e4llig und verstehen sich zuz\u00fcglich der zum F\u00e4lligkeitsdatum g\u00fcltigen gesetzlichen Mehrwertsteuer. Bei Zahlungsverzug von l\u00e4nger als vier Wochen kann Kurt Eimers Verzugszinsen in H\u00f6he von 4% \u00fcber dem jeweiligen Diskontsatz [&hellip;]","protected":false},"author":1,"featured_media":0,"parent":0,"menu_order":210,"comment_status":"closed","ping_status":"closed","template":"page-scroll.php","meta":{"footnotes":""},"class_list":["post-16","page","type-page","status-publish","hentry"],"aioseo_notices":[],"_links":{"self":[{"href":"https:\/\/kurteimers.de\/index.php?rest_route=\/wp\/v2\/pages\/16","targetHints":{"allow":["GET"]}}],"collection":[{"href":"https:\/\/kurteimers.de\/index.php?rest_route=\/wp\/v2\/pages"}],"about":[{"href":"https:\/\/kurteimers.de\/index.php?rest_route=\/wp\/v2\/types\/page"}],"author":[{"embeddable":true,"href":"https:\/\/kurteimers.de\/index.php?rest_route=\/wp\/v2\/users\/1"}],"replies":[{"embeddable":true,"href":"https:\/\/kurteimers.de\/index.php?rest_route=%2Fwp%2Fv2%2Fcomments&post=16"}],"version-history":[{"count":0,"href":"https:\/\/kurteimers.de\/index.php?rest_route=\/wp\/v2\/pages\/16\/revisions"}],"wp:attachment":[{"href":"https:\/\/kurteimers.de\/index.php?rest_route=%2Fwp%2Fv2%2Fmedia&parent=16"}],"curies":[{"name":"wp","href":"https:\/\/api.w.org\/{rel}","templated":true}]}}